17969 + 1636016 = 21*i. Is i prime?
False
Let n(m) = m**3 + 4*m + 691. Let q be (-15)/30*(0/2 - 0). Is n(q) a prime number?
True
Let i = -9163 - -16604. Suppose 583 = 8*o - i. Is o a composite number?
True
Let j(y) = 8*y - 4. Let t be j(1). Is 23/t - 13/(-52) a composite number?
True
Let w = 15 + 2. Let a(o) = 153*o + 8. Is a(w) a prime number?
True
Let p(h) = h**2 - 11*h + 9. Let c be p(10). Is c/(-3) + (-6660)/(-27) a composite number?
True
Suppose 4*l - 758 - 942 = 0. Suppose -3*s - 52 - l = 0. Let a = -70 - s. Is a a composite number?
False
Suppose k = -3 + 11. Let w = -14 + k. Is (-297)/w + (-1)/2 prime?
False
Let c be (0 + -8)*2/(-4). Suppose 5*h - c = -24. Let m(t) = -14*t + 2. Is m(h) prime?
False
Let k(t) be the first derivative of -15*t**4/4 - 4*t**3/3 - t**2 + 2*t - 14. Let p be k(-2). Suppose 3*r - r - p = 0. Is r a prime number?
False
Suppose 34*b - 37 = 31. Suppose 4*u + 2*y = 0, 2*u - 5*y + 15 = -3*u. Is (b + u)/((-1)/(-103)) prime?
True
Suppose 0 = 4*u - 16, 2*y + 2*u - 2010 - 656 = 0. Is y prime?
False
Suppose -29 + 37 = -2*y, 4*z = -5*y + 89856. Is z composite?
False
Let v be 4596/9 - (-2)/(-3). Suppose -2*h = -3*h + v. Let k = -325 + h. Is k a composite number?
True
Is 3958125/325 - 2/(-13) a prime number?
False
Suppose -3*q - 1490 = 2*q. Let s = -93 - q. Is s a prime number?
False
Let i be (-2)/4*(-22 + 0). Let j = i + -8. Suppose -j*a = -0*a - 477. Is a prime?
False
Suppose -i - 2*i - 15 = 0. Let m = -3 + i. Is 1/((m/(-410))/4) a prime number?
False
Let m be 12/(-20) - 2/(30/(-39)). Suppose m*q - 2008 = -2*q - 5*g, 0 = -g. Is q a prime number?
False
Suppose -11*b - 12*b + 1302467 = 0. Is b a prime number?
True
Let k(r) = -570*r - 17. Is k(-3) a prime number?
True
Is -13859*6/24*-4 a composite number?
False
Suppose 2*j = 5*f + 52057, 3*f = 11*j - 9*j - 52067. Is j prime?
True
Let n(q) = -q**3 - 6*q**2 + 5*q - 15. Let b be n(-7). Let p(s) = 584*s + 2. Let u be p(b). Let h = u + 1217. Is h a composite number?
True
Suppose -15689 = -13*z + 5852. Is z a prime number?
True
Suppose 8*i - 9*i - 47738 = -2*l, 5*i - 95476 = -4*l. Is l a composite number?
False
Suppose -5*z + 2*i = 23708, 5*z = -0*i - 5*i - 23680. Let s = z - -6841. Is (s/(-22))/((-2)/4) a prime number?
True
Let o be (1 - -1) + (-4)/(1 - 5). Suppose 0 = -2*z + o*t + 698, 5*z - t = 2*t + 1736. Is z a composite number?
True
Suppose -x - 2958 + 10411 = 0. Is x composite?
True
Is ((-8306)/2)/(7 + -9 + 1) prime?
True
Let m = 31858 - -7891. Is m composite?
False
Suppose y - 3*y + 4 = 0. Suppose -p + 112 = y*f + 18, -5*f = p - 106. Is p composite?
True
Suppose 46918 = 17*l - 15*l. Is l a prime number?
True
Let y(g) = g**2 + 23*g - 5. Let t be y(-23). Let b = 298 + t. Is b a prime number?
True
Let i be 45/3 + 2 + -5. Let t be ((-6)/i)/(1/(-4)). Suppose -4*g = -t*r - 106, r = 3*g + 6*r - 60. Is g a prime number?
False
Let h(f) = 290*f**3 + 3*f**2 - 3*f + 7. Is h(2) a prime number?
True
Let u(c) = 14*c - 5. Let a be 5/(3 + (-4 - -2)). Suppose 50 = 5*b - a*h, -5*b + h + 9 = -25. Is u(b) prime?
True
Let g(z) = 161*z + 8. Let w be g(6). Suppose -v + 3*k - 974 = -3*v, -2*k + w = 2*v. Is v prime?
True
Let q = -8 + -2342. Let i = -1147 - q. Is i a prime number?
False
Suppose -3*v - 6*i + 7*i = -8, -3*i = -v. Suppose -3*w + 12990 = v*w. Is w composite?
True
Let o = -77823 - -132740. Is o prime?
True
Suppose 2*q - t = 8, -3 = -2*q - 2*t + 5. Let w = q + 27. Is w prime?
True
Let l(w) = -2546*w - 29. Is l(-3) a composite number?
True
Let b = -23 + -19. Is (-99197)/b + -5 + (-2)/(-12) a composite number?
False
Suppose h + 2*l = 16, 0*l + 3*l = -3*h + 33. Let s be (3/(-4))/(h/(-48)). Let y = s - -13. Is y prime?
True
Let h = 18454 - 12839. Is h a prime number?
False
Let w(j) = 1641*j**2 + 3*j - 4. Let v be w(1). Is 5/2*v/50 prime?
False
Is (3465/(-30))/(-21)*1*74 prime?
False
Let p(i) = 383*i - 80. Is p(29) a prime number?
True
Let i = 4 - 14. Let a(m) = -2*m - 21. Let g be a(i). Is g/2*(-1808 - 6) prime?
True
Let b(c) = c**2 - 4*c - 2. Let l be b(3). Let a be 600*(-1)/4*l. Suppose -4*h - g + a = h, 0 = -h + g + 144. Is h composite?
False
Let v = 2338 + -1055. Is v a prime number?
True
Let z = -446 - -700. Is z prime?
False
Let c = -11 + 9. Let t = -11 - c. Is 1108/(-6)*t/6 composite?
False
Let j = -16 - -19. Suppose j*l - g = -2*l + 2913, 5*g = 10. Is l a composite number?
True
Let c(h) = -3353*h + 167. Is c(-4) composite?
True
Let u(c) = -c**2 - 2*c + 8. Let f be u(-4). Suppose -4835 = -f*q - q. Suppose 0 = 6*b - b - q. Is b a composite number?
False
Let n = -21 + 15. Let c = n + 6. Suppose 0 = 4*u + 4*r + r - 447, -5*r - 25 = c. Is u prime?
False
Suppose -10*f + 14*f = 45132. Is f prime?
False
Is (-1)/((-7)/88102) + -5 composite?
True
Suppose -204*v - 24905 = -209*v. Is v composite?
True
Let o(w) = -1163*w - 1. Let x be 4/24 + (-185)/30. Is o(x) composite?
False
Suppose 65*r + 63015 = 68*r. Is r composite?
True
Let o(s) = s**2 + 9*s. Let d be o(-9). Let w = d + 0. Suppose -3*x + 180 - 27 = w. Is x a composite number?
True
Let x(b) = -7*b - 7. Suppose -14 = 2*f + 3*q, 0*f + 4*f = 2*q - 44. Let w be x(f). Let h = 122 - w. Is h a prime number?
True
Let d(z) = -7*z**3 - 13*z + 7. Let f(w) = -2*w**3 - 3*w + 2. Let x(o) = -2*d(o) + 9*f(o). Is x(-3) composite?
True
Is (-39824)/(-6) - (6 + -2)/12 composite?
False
Let z = -19601 - -34368. Is z a composite number?
False
Suppose 162267 = 4*b - 48185. Is b a composite number?
True
Let h(z) be the second derivative of -z**5/20 + z**4/12 + z**3/6 + 3*z**2 + 9*z. Let b be h(0). Suppose b*q - 1245 = q. Is q prime?
False
Let i(h) = -h**2 + 34*h - 20. Let k be i(15). Suppose 0 = l - 5*u - 26, -4*l + k = l + 2*u. Is l prime?
False
Let n = 42 + -114. Let v be (n/4)/2*1. Is ((-127)/(-3))/((-3)/v) prime?
True
Suppose 1 = -2*x + x, 3*x - 6 = -3*d. Suppose 3*r - 12135 = v + d*v, 2*v = 3*r - 12141. Is r a prime number?
True
Let l = 10 - 7. Let q be ((-12)/18)/((-1)/l). Suppose 2*h - 3*h = q, 3*p - 2027 = -5*h. Is p a composite number?
True
Let t be 1146 + (-2*4)/4. Is (-1 - (t - -1))/((-18)/9) prime?
False
Let j(c) = 5*c**2 + 19*c + 25. Let g be j(-10). Let z = g + -208. Is z a prime number?
True
Suppose -2*s - 3*j - 8 = 0, -5*s - 3*j - 1 = 1. Suppose -s*u - 5*k - 351 = 0, -u + 5*u + 627 = 5*k. Let v = u + 396. Is v composite?
False
Suppose -889 = -h + 1173. Suppose 11*m = -h + 8629. Is m composite?
True
Let t(h) = 1201*h**3 - 17*h**2 + 54*h - 7. Is t(4) prime?
True
Let v = -1484 - -3011. Let c = 3381 - v. Suppose 6*x - 132 - c = 0. Is x prime?
True
Suppose 2*n + 1320 = d, 4*d + 3*n = 7041 - 1717. Let h = d + -877. Is h prime?
False
Let y be (-237)/((-4)/((-104)/(-3))). Let t be (y/(-6))/(9/(-27)). Let r = t - 692. Is r a composite number?
True
Let d = 72797 - 49078. Is d a prime number?
True
Let f be 12 + (-1)/4*-4. Let v = 13 - f. Suppose -3*l + 1172 + 373 = v. Is l prime?
False
Suppose 2*c + 0*c - 18 = 0. Suppose c*b = 8*b + 121. Let h = -10 + b. Is h composite?
True
Suppose 2 = -4*p + 5*w, -4*w - 10 = w. Suppose 4*r = 3*r + 6. Is -10*7*p/r a prime number?
False
Let v(k) = k**3 + 4*k**2 + k - 2. Let r be v(-3). Suppose 0 = -5*i + 4*l + 2203, l = -r*i - 2*l + 1781. Is i prime?
True
Suppose -150*s - 395660 + 1848110 = 0. Is s prime?
False
Let j be 11423 + (-1)/(36/(-8) - -4). Suppose 5*t = 32840 - j. Is t composite?
False
Is (9/(-36)*1402)/((-2)/4) composite?
False
Suppose 2*u - 12 = -2*o, 0*o - 24 = -5*o + u. Suppose -3*w = 3*n - 222, o*w + 2*n - 276 = 109. Is w a composite number?
False
Let h(u) = -2*u**3. Let l = -15 + 14. Let z be h(l). Suppose z*a + 0*r - r - 269 = 0, 3*a - 5*r = 414. Is a composite?
True
Suppose 7*m - 22 - 13 = 0. Suppose -m*k + 4*k + 211 = 0. Is k prime?
True
Suppose -11*m + 5048 = -12*m. Is (-2 + 1)/(8/m) a composite number?
False
Let d(o) = -50*o**2 + o - 1. Let i be d(1). Is (1180/i)/((-1)/(-10)*-2) composite?
True
Let m(n) = n**3 - 4*n + 1067. Is m(0) prime?
False
Let k be 2/3 - 203/3. Let r = k - -134. Is r a prime number?
True
Let a(c) = -c**3 - 15*c**2 - 14*c + 3. Let r be a(-14). Suppose 0 = r*n + 345 - 1635. Suppose -461 - n = -5*h + v, h + 4*v - 195 = 0. Is h prime?
True
Let g = -49 + 77. Suppose 3*t - 25 = -2*m + g, 2*m - 55 = -5*t. Is m composite?
True
Suppose 5*n - 13*n + 12912 = 0. Suppose 4*s = 5*p - 669 - 7405, 0 =